5) to base 6
224013
What is -9a73 (base 12) in base 9?
-25376
Convert -587 (base 9) to base 5.
-3414
Convert -181 (base 13) to base 10.
-274
What is 104114 (base 5) in base 8?
7113
What is 195 (base 10) in base 9?
236
What is -4256 (base 7) in base 14?
-79d
Convert -36 (base 9) to base 4.
-201
Convert 2778 (base 10) to base 15.
c53
1202000020 (base 3) to base 8
102735
2ba9 (base 15) to base 14
35c4
-12404 (base 11) to base 15
-5411
-16 (base 16) to base 2
-10110
1211112021 (base 3) to base 2
1000110100001010
Convert 32100103 (base 4) to base 11.
3a95a
What is -84c (base 14) in base 13?
-98b
Convert -10803 (base 10) to base 11.
-8131
Convert 3112 (base 5) to base 10.
407
2124331 (base 5) to base 13
1363b
What is 63b6 (base 12) in base 11?
8244
Convert -222 (base 10) to base 16.
-de
Convert -51143 (base 6) to base 10.
-6759
What is -212 (base 6) in base 16?
-50
Convert -110111 (base 2) to base 8.
-67
Convert -5862 (base 9) to base 13.
-1c97
Convert -310004 (base 6) to base 4.
-12000310
Convert 4327 (base 8) to base 10.
2263
-24b26 (base 12) to base 16
-c34e
44040 (base 6) to base 12
3620
Convert -120221 (base 3) to base 12.
-2ba
What is 3010 (base 9) in base 7?
6255
What is 502 (base 7) in base 11?
205
Convert -20131 (base 4) to base 5.
-4131
Convert -112201 (base 3) to base 2.
-110001101
-121102101 (base 3) to base 11
-8aa3
What is -1004422 (base 5) in base 16?
-3f6d
What is -32604 (base 9) in base 10?
-21631
-7a6 (base 13) to base 7
-3563
Convert 67 (base 9) to base 10.
61
Convert 312041 (base 5) to base 3.
112002102
0 (base 16) to base 15
0
-1010 (base 10) to base 8
-1762
341 (base 8) to base 14
121
-2857 (base 9) to base 15
-98d
What is -179 (base 14) in base 13?
-1a4
What is -18201 (base 9) in base 8?
-30414
What is -181c (base 13) in base 2?
-110111110110
-339 (base 11) to base 8
-625
-15540 (base 12) to base 14
-adb2
Convert -307 (base 16) to base 2.
-1100000111
Convert -159 (base 14) to base 9.
-335
What is 10453 (base 7) in base 9?
3547
113231 (base 4) to base 3
2002012
What is 882 (base 9) in base 16?
2d2
Convert -2323103 (base 4) to base 12.
-6b2b
-2403 (base 6) to base 13
-357
Convert 318 (base 9) to base 15.
125
25143 (base 9) to base 13
78c0
3564 (base 8) to base 10
1908
-820 (base 14) to base 3
-2012010
Convert -3131334 (base 5) to base 3.
-2122110102
-11657 (base 11) to base 10
-16760
-4654 (base 13) to base 3
-111112121
-a7 (base 11) to base 7
-225
Convert 5c9 (base 16) to base 4.
113021
Convert 1010111011011 (base 2) to base 12.
32a3
Convert -8383 (base 9) to base 15.
-1c50
Convert 336 (base 12) to base 14.
25c
Convert 547 (base 15) to base 2.
10010101000
Convert -13045 (base 7) to base 15.
-105d
-7134 (base 11) to base 3
-110222221
432 (base 14) to base 2
1100111100
113 (base 11) to base 8
207
-100102 (base 3) to base 15
-11e
101011110110011 (base 2) to base 9
33715
Convert -100011111101111 (base 2) to base 6.
-221131
What is -db1 (base 16) in base 4?
-312301
What is 101001000 (base 2) in base 12?
234
943 (base 11) to base 8
2160
Convert 6311 (base 10) to base 9.
8582
-1422 (base 6) to base 15
-19e
What is a9 (base 15) in base 11?
135
What is 121130 (base 4) in base 13?
983
Convert 1421420 (base 5) to base 2.
111001110101010
Convert 1011110101 (base 2) to base 6.
3301
What is 14444 (base 9) in base 12?
5841
31454 (base 8) to base 10
13100
Convert 1211130 (base 4) to base 14.
251a
Convert 625 (base 14) to base 6.
5333
3063 (base 7) to base 4
100302
Convert -85 (base 16) to base 14.
-97
221020122 (base 3) to base 2
100011111100100
-1804 (base 16) to base 11
-468a
What is -19 (base 16) in base 15?
-1a
Convert -14169 (base 13) to base 9.
-56523
What is 21435 (base 7) in base 9?
7323
-67744 (base 9) to base 12
-22104
Convert -1001 (base 2) to base 12.
-9
What is -3136 (base 12) in base 10?
-5370
Convert 322 (base 9) to base 5.
2023
123230 (base 4) to base 14
908
What is 2022120220 (base 3) in base 4?
23020323
-21012110 (base 4) to base 13
-13c6a
Convert -111001010011 (base 2) to base 7.
-13456
-4410 (base 10) to base 7
-15600
What is 8d99 (base 14) in base 4?
12000323
What is -10110100 (base 2) in base 8?
-264
Convert -321121 (base 4) to base 13.
-1897
-31 (base 6) to base 11
-18
Convert -513 (base 10) to base 11.
-427
Convert 1340 (base 8) to base 7.
2101
Convert -1918 (base 11) to base 14.
-c63
What is -1605 (base 9) in base 6?
-5352
Convert -229 (base 15) to base 11.
-405
Convert -743 (base 9) to base 2.
-1001011110
What is 49a4 (base 12) in base 4?
2002030
101411 (base 5) to base 14
131a
What is -1111001110 (base 2) in base 6?
-4302
What is 44b (base 14) in base 5?
11401
-15b (base 12) to base 16
-d7
46274 (base 8) to base 7
111162
Convert -17040 (base 10) to base 11.
-11891
Convert 13524 (base 6) to base 11.
1676
What is 11400 (base 7) in base 4?
231330
Convert -870 (base 11) to base 4.
-100111
What is 333 (base 9) in base 12?
1a9
Convert -19c (base 16) to base 6.
-1524
What is 12201202 (base 3) in base 13?
1b95
What is -5224 (base 11) in base 2?
-1101100001011
What is -11200110 (base 3) in base 10?
-3414
Convert 111030 (base 4) to base 16.
54c
-146105 (base 7) to base 8
-67553
Convert -426 (base 10) to base 4.
-12222
-21101 (base 4) to base 10
-593
Convert 191 (base 16) to base 15.
1bb
Convert -16210 (base 7) to base 9.
-6231
What is -1a74 (base 16) in base 3?
-100021211
What is -514201 (base 6) in base 2?
-1010000010011001
Convert 211020210 (base 3) to base 5.
1004341
-b971 (base 13) to base 6
-315204
What is 300000 (base 5) in base 15?
2ba0
Convert -32232 (base 6) to base 2.
-1000100111100
Convert 111001111111 (base 2) to base 6.
25103
Convert 10100010011 (base 2) to base 4.
110103
What is -84a (base 16) in base 3?
-2220121
Convert -a882 (base 11) to base 7.
-56614
2928 (base 14) to base 12
4274
176 (base 13) to base 16
10a
16136 (base 11) to base 3
1011020222
Convert -1321 (base 4) to base 15.
-81
Convert -21222 (base 4) to base 16.
-26a
Convert -807 (base 10) to base 4.
-30213
Convert -3430 (base 9) to base 3.
-10111000
What is a52 (base 14) in base 11?
1588
What is 11d8a (base 14) in base 8?
125466
-b55 (base 12) to base 13
-99b
a74 (base 13) to base 9
2403
-18586 (base 9) to base 11
-9746
Convert 10c9e (base 15) to base 9.
81315
What is -3750 (base 15) in base 7?
-46221
Convert 837 (base 10) to base 8.
1505
Convert -30106 (base 8) to base 5.
-343413
What is -32101 (base 6) in base 8?
-10405
What is 21112 (base 3) in base 6?
535
What is -10505 (base 10) in base 8?
-24411
Convert 12698 (base 12) to base 15.
76d2
Convert c9c (base 13) to base 6.
13553
Convert -32620 (base 8) to base 16.
-3590
Convert 534 (base 13) to base 2.
1101111000
23013 (base 10) to base 2
101100111100101
What is -d5a7 (base 14) in base 8?
-107677
-24152 (base 6) to base 4
-313010
67375 (base 8) to base 9
42870
What is -2110 (base 9) in base 11?
-1188
What is -27438 (base 9) in base 5?
-1043314
What is a09 (base 11) in base 7?
3361
What is -553205 (base 6) in base 5?
-2433320
328 (base 10) to base 3
110011
15102 (base 6) to base 12
1492
What is 665 (base 16) in base 6?
11325
Convert -12020 (base 3) to base 9.
-166
Convert 110011001010 (base 2) to base 15.
e84
Convert -263 (base 12) to base 4.
-11223
22704 (base 11) to base 14
bd47
Convert -42a (base 14) to base 2.
-1100110110
-10011011001 (base 2) to base 6
-5425
33b9 (base 13) to base 9
10845
Convert -3087 (base 10) to base 4.
-300033
111120 (base 3) to base 15
196
-38251 (base 9) to base 10
-25723
Convert 101000110 (base 2) to base 15.
16b
-16b00 (base 12) to base 9
-48750
-581 (base 11) to base 15
-314
1343411 (base 5) to base 6
333313
Convert -121222 (base 3) to base 15.
-208
What is -612b (base 14) in base 9?
-24814
What is 221 (base 15) in base 12?
341
Convert -22055 (base 6) to base 11.
-2331
Convert -18654 (base 9) to base 2.
-11001010000000
What is 3213 (base 6) in base 14?
3a1
-100010010 (base 2) to base 14
-158
Convert -331 (base 13) to base 14.
-2b1
What is -177 (base 12) in base 6?
-1031
-2074 (base 14) to base 4
-1113112
What is f8c (base 16) in base 10?
3980
What is -24007 (base 8) in base 6?
-115235
What is 156 (base 16) in base 13?
204
Convert 600 (base 8) to base 11.
31a
301 (base 9) to base 2
11110100
2266 (base 12) to base 4
323232
31241 (base 5) to base 16
817
Convert 26543 (